What is the highest common factor of c and 21?
7
Suppose -4*x + x = -72. Suppose -11109 = -65*a - 1229. Calculate the greatest common factor of a and x.
8
Let w(k) = -k + 54. Suppose 0 = -20*s - 13*s + 957. Let x be w(s). Calculate the greatest common factor of x and 200.
25
Let v = 578 - 576. Suppose 349 = v*z + 289. What is the greatest common factor of z and 370?
10
Let a be ((-671)/33 - -18)*-57. Calculate the greatest common divisor of 285 and a.
19
Let q = 4207 - 3999. What is the highest common divisor of 368 and q?
16
Suppose 4*y - 2*a - 1 - 13 = 0, -5*y + 4*a = -19. Suppose b = -3, -42*w + 38*w = y*b - 59. Calculate the highest common divisor of w and 1343.
17
Let b(q) = -40*q. Let w be b(-1). Let s be (-39 - 2479/(-111))*-60. Calculate the highest common divisor of s and w.
40
Suppose 207*i = -208*i + 107*i + 28336. What is the greatest common divisor of i and 4531?
23
Suppose 0 = -17*k + 13*k - u + 354, -u = -2. Suppose k*p = 84*p + 12, 4*p = -2*x + 672. Calculate the greatest common divisor of 132 and x.
66
Let x be 16/(-8) - 3 - -10. Suppose x*q = 5*w + 335, -5*w = -11 - 9. What is the greatest common divisor of q and 142?
71
Let l be 1*-6 - (-6 + -12). Let n be -7 + 76/l + 904/6. Calculate the greatest common divisor of n and 50.
50
Let q = -26 + 31. Suppose 0 = -y - l + 271, -3*y + q*l + 635 = -170. What is the greatest common factor of y and 70?
10
Let f be (-96)/(-7) - 2/(-7). Suppose 2*x + 318*v - 322*v = -8, -32 = -4*x - 4*v. What is the highest common divisor of x and f?
2
Suppose -y - 2360 = -6*y + l, 4*y - 1888 = 3*l. What is the greatest common factor of 118 and y?
118
Let p(r) = -534*r**3 - 22*r**2 - 24*r - 3. Let v be p(-1). Calculate the greatest common factor of v and 41.
41
Let h = 1 + -1. Suppose -3*t + 16 + 11 = h. Let j be ((-2)/(-5) + (-182016)/1440)/(-2). What is the greatest common divisor of t and j?
9
Let q = -3868 + 3998. What is the highest common factor of 585 and q?
65
Let c(y) = -288*y**3 - 7*y**2 - 35*y - 15. Let s be c(-4). Calculate the greatest common divisor of s and 476.
119
Let w be (-25)/(1/104*8*-1). What is the greatest common factor of 39 and w?
13
Let q = 3638 + -3622. Calculate the highest common divisor of 116 and q.
4
Let g(f) = 38*f + 2878. Let i be g(-60). Calculate the greatest common divisor of i and 2254.
46
Suppose -4*d = 6*g - 9*g + 1467, 4*d + 2461 = 5*g. Calculate the greatest common factor of g and 1136.
71
Let g be 16/9 + -2 - 13/((-234)/6178). What is the greatest common factor of 49 and g?
49
Let h(t) = t**2 + 2*t - 11. Let z = 35 - 33. Suppose -z*f + 132 = 10*f. Let q be h(f). Calculate the highest common factor of q and 33.
33
Let x(n) = 5*n**2 - 314*n - 38. Let c be x(63). Calculate the greatest common divisor of c and 165.
5
Let j(q) = q**3 + 15*q**2 - 18*q - 88. Let t be j(-16). Let n be ((-96)/168)/(2/t). Calculate the greatest common divisor of 368 and n.
16
Suppose 23458 = 3*g + 63*g + 3394. Calculate the highest common factor of 760 and g.
152
Suppose -a + 765 = -101*p + 100*p, 4*p = -2*a + 1530. What is the greatest common divisor of a and 85?
85
Let n(x) = -123*x + 3637. Let w be n(29). What is the highest common divisor of 945 and w?
35
Suppose 6*o - 27 = 5*o. Let c = -22 + o. Suppose 803 = -82*z + 4493. What is the highest common divisor of c and z?
5
Suppose -3*y - 18*y + 28708 = -48047. What is the highest common divisor of y and 86?
43
Let c(g) = -5*g - 29. Let v be c(-6). Suppose 3*z + 2*z = -25. Let m be (z/(-15))/(2/54). What is the highest common factor of v and m?
1
Let k(b) = -21*b. Let p be k(-2). Let i = 625 + -317. Let u be 11/(i/384) - (-12)/42. What is the highest common factor of u and p?
14
Let x be 6*2/(-42) - (-32)/14. Suppose 224 = -d + 2*d - 3*h, -x*d - 5*h = -393. What is the greatest common factor of d and 38?
19
Let o be (3822/(-2184))/((3 - 2)/(-52)). Calculate the greatest common factor of 1053 and o.
13
Suppose 23 = -s + 4*x + 67, 5*s - 144 = x. Let j(y) = 12*y - 1. Let d be j(-1). Let h be 42/s*(1 + -2 - d). What is the highest common divisor of 45 and h?
9
Let t(v) = v**2 - 33*v + 44. Let w be t(-4). Calculate the highest common factor of w and 1608.
24
Suppose 83*z - 35*z - 4104 = 12*z. Calculate the greatest common factor of 11 and z.
1
Suppose -5*q - 4*u = -26, -q - 5*u + 18 = -2*q. Let f be ((-6)/(-2))/(3/6). Let j be (-3)/((-9)/f) + 4. Calculate the highest common divisor of q and j.
2
Let x = -801 + 5. Let v = -499 - x. What is the highest common factor of 18 and v?
9
Suppose 7*n - 2352 = 3388. What is the greatest common factor of n and 90?
10
Let i be (-2)/(-2) + ((-11)/((-132)/120) - -143). Calculate the highest common factor of i and 10395.
77
Let m = -198 + 212. What is the greatest common factor of m and 938?
14
Let o = 71 - 79. Let b be (-2)/3*732/o + 1. Suppose 4*d + b = -3*w + 5*w, 4*w = -d + 79. Calculate the highest common factor of 21 and w.
21
Suppose -3*n + 11 = -m - m, 3*m - 5*n = -18. Let f be m/((-5)/2) + (-6224)/(-40). Calculate the greatest common factor of f and 39.
39
Suppose 2*f + 3*f = 3*x - 7483, -12453 = -5*x - f. What is the highest common divisor of 106 and x?
53
Let p(x) = x**2 + 10*x + 9. Let v be p(-11). Calculate the greatest common divisor of v and 34.
2
Let t be 4034/3 + (4/12)/1. Let j = -1137 + t. Let x be (-308)/(-6) + 2/3. What is the highest common divisor of x and j?
52
Let b(q) = 454*q - 2022. Let z be b(6). What is the greatest common factor of z and 26?
26
Let f be (424044/(-20))/(7 - 10) + 4/(-10). What is the greatest common divisor of f and 382?
191
Let f(x) = x**3 + 61*x**2 - 125*x - 871. Let n be f(-57). What is the highest common factor of 462 and n?
154
Let b = -642 + 1407. What is the highest common divisor of 306 and b?
153
Let g = 569 - 520. Suppose 47*r - g*r + 19 = b, -10 = 2*b. Calculate the greatest common divisor of r and 804.
12
Let l(a) = 732*a**3 + 11*a**2 + 31*a - 131. Let i be l(3). Calculate the greatest common factor of 65 and i.
65
Let d = 189 + -96. Let a be ((-54)/8)/((-1)/4). Suppose -4*f + d = -a. Calculate the greatest common factor of 15 and f.
15
Suppose -2*n + 521 - 95 = 0. Let x = n + -196. What is the highest common divisor of 221 and x?
17
Let u be (-2)/(-4) + 187/2. Let j = 11296 + -11061. What is the highest common divisor of u and j?
47
Suppose 2*w - l - 360 = 907, 0 = -2*w - 5*l + 1297. Calculate the greatest common divisor of 212 and w.
212
Suppose 11*r - 51493 = -6*r. Calculate the greatest common factor of 26 and r.
13
Let o(c) = -c**3 - 22*c**2 - 15*c + 138. Let m be o(-21). Calculate the greatest common factor of m and 366.
6
Let p(j) = j**3 - 43*j**2 + 132*j + 210. Let r be p(41). What is the greatest common divisor of 40 and r?
20
Let d be ((-27)/27)/(1/(-7)). Suppose 0 = n + 5*c - 2, d*n = 3*n + 4*c + 8. What is the highest common factor of n and 64?
2
Let v be -2 + (4 + -2 - -16). Let s be 6/(-78) + 89824/91 + 5. Calculate the greatest common factor of s and v.
16
Let h(a) = -4*a + 4. Suppose 14*y - 17*y = -3. Let q be h(y). Suppose q = -d + 5 + 18. Calculate the greatest common divisor of d and 207.
23
Let u = -332 - -491. Suppose u - 1084 = -5*d. Calculate the greatest common factor of 74 and d.
37
Suppose -5*p + 11286 = -8*t, 17956 = 5*p + 5*t + 6631. Calculate the greatest common factor of p and 546.
78
Let z(d) = -360*d - 8134. Let m be z(-24). Calculate the highest common factor of m and 460.
46
Suppose u - 9063 = -3*j - 4574, -3*j - 3*u = -4491. Calculate the highest common factor of 1936 and j.
88
Let t(n) = 41*n**2 + n - 2. Let f be t(1). Let h be (-1668)/(-24) + -2 + (-9)/(-2). What is the highest common factor of h and f?
8
Let r be 5 + 10/2 + 25. Suppose n - r = 5*h, 0 = 2*n + 4*h - 43 + 15. What is the highest common factor of n and 8?
4
Let v be (-19 - -6)*62/(-1). Calculate the highest common divisor of 286 and v.
26
Let g(r) = 17 - 62*r - 13 - 73 - 69 - 40. Let b be g(-5). Calculate the greatest common divisor of b and 4.
4
Suppose 0*s - 2*s - 414 = 0. Let u = s + 88. Let d = -83 - u. What is the highest common divisor of 54 and d?
18
Suppose -3*k + 4*g + 132 = 0, -5*k = 5*g - 202 - 18. Calculate the highest common divisor of 143 and k.
11
Suppose -71*h - 525 = -78*h. Suppose 0 = 68*q - 69*q + h. What is the highest commo